{"id":2,"date":"2015-02-25T00:11:42","date_gmt":"2015-02-25T00:11:42","guid":{"rendered":"http:\/\/www.templodeavalon.com\/novo\/?page_id=2"},"modified":"2025-09-14T18:59:48","modified_gmt":"2025-09-14T21:59:48","slug":"inicio","status":"publish","type":"page","link":"https:\/\/templodeavalon.com.br\/fidnemed\/","title":{"rendered":"Bosque Sagrado"},"content":{"rendered":"<h3>Caer Fidnem\u00e9d an S\u00edd&#8230; F\u00e1ilte!<\/h3>\n<p>O Caer Fidnem\u0117d nasceu em Abril de 2016 e est\u00e1 ligado \u00e0 fam\u00edlia\/fine <a href=\"https:\/\/www.templodeavalon.com.br\/caer-siddi\/\" target=\"_blank\" rel=\"noopener\">Caer Siddi<\/a>, sendo direcionado \u00e0queles que possuem uma no\u00e7\u00e3o b\u00e1sica da cultura c\u00e9ltica. Somos um grupo de estudos e viv\u00eancias voltado ao Druidismo Moderno, com base hist\u00f3rica e reconstrucionista, dentro das tradi\u00e7\u00f5es irlandesa e galesa.<\/p>\n<p>O nosso Druidismo \u00e9 centrado em pr\u00e1ticas devocionais di\u00e1rias no lar, medita\u00e7\u00f5es baseadas nos mitos celtas e na magia natural. Nosso prop\u00f3sito \u00e9 vivenciar a espiritualidade c\u00e9ltica como uma cren\u00e7a viva, uma inspira\u00e7\u00e3o que conecta o homem aos Deuses, \u00e0 natureza e \u00e0 tr\u00edade ancestral.<\/p>\n<p><a href=\"https:\/\/templodeavalon.com.br\/fidnemed\/wp-content\/uploads\/bosquesagrado.jpg\"><img loading=\"lazy\" decoding=\"async\" class=\"alignright title=\" src=\"https:\/\/templodeavalon.com.br\/fidnemed\/wp-content\/uploads\/bosquesagrado.jpg\" width=\"400\" height=\"300\" \/><\/a><\/p>\n<p><strong>Fidnem\u0117d an S\u00edd<\/strong>, em ga\u00e9lico, quer dizer \u201cBosque Sagrado do Outro Mundo\u201d. A palavra Fidnem\u0117d deriva do proto-c\u00e9ltico e corresponde ao brit\u00f4nico Nemeton, que significa local sagrado de culto. Os est\u00e1gios que comp\u00f5em nosso treinamento s\u00e3o:<\/p>\n<p>1. <strong>Fios<\/strong>: pr\u00e1ticas meditativas junto \u00e0 natureza para desenvolver a intui\u00e7\u00e3o\/vis\u00e3o por meio da visualiza\u00e7\u00e3o e o <a href=\"https:\/\/en.wikipedia.org\/wiki\/Scrying\" target=\"_blank\" rel=\"noopener\">scrying<\/a>, para despertar a Awen\/Imbas, com o objetivo de criar ora\u00e7\u00f5es, poemas e can\u00e7\u00f5es. Este \u00e9 o Caminho do Bardo, Fili e Seancha\u00ed (contador de hist\u00f3rias). Fios significa &#8220;conhecimento&#8221; em irland\u00eas.<\/p>\n<p>2. <strong>Coire<\/strong>: imers\u00e3o nas medita\u00e7\u00f5es tot\u00eamicas durante as <a href=\"https:\/\/templodeavalon.com.br\/category\/artigos\/luas-do-ano\" target=\"_blank\" rel=\"noopener\">Luas do Ano<\/a>, inspiradas no Calend\u00e1rio de Coligny, al\u00e9m de vivenciar a m\u00edtica dos <a href=\"https:\/\/templodeavalon.com.br\/elementos\/\" target=\"_blank\" rel=\"noopener\">d\u00faile<\/a> e os Tr\u00eas Caldeir\u00f5es, baseada no poema <a href=\"https:\/\/www.seanet.com\/~inisglas\/cauldronpoesy.html\" target=\"_blank\" rel=\"noopener\">O Caldeir\u00e3o da Poesia<\/a>. Este \u00e9 o Caminho do Vate, Gutruati e Seer (vidente). Coire significa &#8220;caldeir\u00e3o&#8221; em irland\u00eas.<\/p>\n<p>3. <strong>Neart<\/strong>: aprimoramento da jornada (Immram) e da Oran M\u00f3r (Grande Can\u00e7\u00e3o), dos festivais, do estudo oracular das \u00e1rvores ogh\u00e2micos (<a href=\"https:\/\/www.templodeavalon.com.br\/category\/ogham\/\" target=\"_blank\" rel=\"noopener\">Crann Ogham<\/a>) e da Janela de Fionn. Este \u00e9 o Caminho do Druida ou Drao\u00ed (Dree). Bem como das <a href=\"https:\/\/templodeavalon.com.br\/fidnemed\/nove-virtudes-bosque\/\" rel=\"noopener\">Nove Virtudes<\/a> do Bosque (Verdade, Honra, Justi\u00e7a, Lealdade, For\u00e7a, Coragem, Generosidade, Hospitalidade e Perseveran\u00e7a). Neart significa &#8220;for\u00e7a&#8221; em irland\u00eas.<\/p>\n<p>A participa\u00e7\u00e3o est\u00e1 aberta atrav\u00e9s das Guildas do Caer: <strong><a href=\"https:\/\/www.instagram.com\/clareiradeavalon\" target=\"_blank\" rel=\"noopener\">Clareira de Avalon<\/a><\/strong> e <strong>Nemeton Japi<\/strong>.<\/p>\n<blockquote><p>&#8220;<a href=\"https:\/\/www.youtube.com\/watch?v=S6ZXXEmiqSQ\" target=\"_blank\" rel=\"noopener\">N\u00ed neart go cur le ch\u00e9ile<\/a>&#8221; \u2013 N\u00e3o h\u00e1 for\u00e7a sem unidade.<\/p><\/blockquote>\n<p>B\u00edodh s\u00e9&#8230; Que assim seja! \/|\\<\/p>\n<p><strong><a href=\"https:\/\/www.templodeavalon.com.br\/site\/contato\" target=\"_blank\" rel=\"noopener\">Rowena A. Sen\u0117w\u0117en \u00ae<\/a><\/strong><br \/>\nPesquisadora da Cultura Celta e do Druidismo<\/p>\n<p style=\"text-align: center;\"><a href=\"https:\/\/www.hotmart.com\/product\/ogham-o-alfabeto-e-oraculo-irlandes\" target=\"_blank\" rel=\"noopener noreferrer\"><img loading=\"lazy\" decoding=\"async\" class=\"alignnone size-full wp-image-1036\" src=\"https:\/\/www.anammor.com.br\/wp-content\/uploads\/2022\/04\/banner.jpg\" alt=\"Curso de Ogham\" width=\"600\" height=\"150\" \/><\/a><\/p>\n<p align=\"center\">TAROT \u2022 RADIESTESIA \u2022 CONSULTORIA \u2022 NUMEROLOGIA \u2022 MENTORIA \u2022 CURSOS<\/p>\n<h4 align=\"center\"><strong>Meu fim \u00e9 o meu come\u00e7o\u2026 F\u00e1ilte!<\/strong><\/h4>\n","protected":false},"excerpt":{"rendered":"<p>Caer Fidnem\u00e9d an S\u00edd&#8230; F\u00e1ilte! O Caer Fidnem\u0117d nasceu em Abril de 2016 e est\u00e1 ligado \u00e0 fam\u00edlia\/fine Caer Siddi, sendo direcionado \u00e0queles que possuem uma no\u00e7\u00e3o b\u00e1sica da cultura c\u00e9ltica. Somos um grupo de estudos e viv\u00eancias voltado ao Druidismo Moderno, com base hist\u00f3rica e reconstrucionista, dentro das tradi\u00e7\u00f5es irlandesa e galesa. O nosso [&hellip;]<\/p>\n","protected":false},"author":1,"featured_media":0,"parent":0,"menu_order":0,"comment_status":"open","ping_status":"open","template":"page-templates\/full-width.php","meta":{"footnotes":""},"_links":{"self":[{"href":"https:\/\/templodeavalon.com.br\/fidnemed\/wp-json\/wp\/v2\/pages\/2"}],"collection":[{"href":"https:\/\/templodeavalon.com.br\/fidnemed\/wp-json\/wp\/v2\/pages"}],"about":[{"href":"https:\/\/templodeavalon.com.br\/fidnemed\/wp-json\/wp\/v2\/types\/page"}],"author":[{"embeddable":true,"href":"https:\/\/templodeavalon.com.br\/fidnemed\/wp-json\/wp\/v2\/users\/1"}],"replies":[{"embeddable":true,"href":"https:\/\/templodeavalon.com.br\/fidnemed\/wp-json\/wp\/v2\/comments?post=2"}],"version-history":[{"count":280,"href":"https:\/\/templodeavalon.com.br\/fidnemed\/wp-json\/wp\/v2\/pages\/2\/revisions"}],"predecessor-version":[{"id":1055,"href":"https:\/\/templodeavalon.com.br\/fidnemed\/wp-json\/wp\/v2\/pages\/2\/revisions\/1055"}],"wp:attachment":[{"href":"https:\/\/templodeavalon.com.br\/fidnemed\/wp-json\/wp\/v2\/media?parent=2"}],"curies":[{"name":"wp","href":"https:\/\/api.w.org\/{rel}","templated":true}]}}